114.119.157.56 - - [28/Nov/2022:11:10:09 -0800] "GET /robots.txt HTTP/1.1" 200 176 "-" "Mozilla/5.0 (compatible;PetalBot;+https://webmaster.petalsearch.com/site/petalbot)" "site.headsetzone.com"
216.244.66.250 - - [28/Nov/2022:11:13:35 -0800] "GET /robots.txt HTTP/1.1" 200 390 "-" "Mozilla/5.0 (compatible; DotBot/1.2; +https://opensiteexplorer.org/dotbot; help@moz.com)" "site.headsetzone.com"
216.244.66.250 - - [28/Nov/2022:12:01:31 -0800] "GET /robots.txt HTTP/1.1" 200 390 "-" "Mozilla/5.0 (compatible; DotBot/1.2; +https://opensiteexplorer.org/dotbot; help@moz.com)" "site.headsetzone.com"
216.244.66.250 - - [28/Nov/2022:12:54:13 -0800] "GET /robots.txt HTTP/1.1" 200 390 "-" "Mozilla/5.0 (compatible; DotBot/1.2; +https://opensiteexplorer.org/dotbot; help@moz.com)" "site.headsetzone.com"
206.47.249.251 - - [28/Nov/2022:13:17:11 -0800] "GET /screenindeximage16.jpg HTTP/1.1" 304 - "-" "Mozilla/4.0 (compatible;)" "images.headsetzone.com"
216.244.66.250 - - [28/Nov/2022:14:06:13 -0800] "GET /robots.txt HTTP/1.1" 200 390 "-" "Mozilla/5.0 (compatible; DotBot/1.2; +https://opensiteexplorer.org/dotbot; help@moz.com)" "site.headsetzone.com"
114.119.158.0 - - [28/Nov/2022:14:07:46 -0800] "GET /robots.txt HTTP/1.1" 200 176 "-" "Mozilla/5.0 (compatible;PetalBot;+https://webmaster.petalsearch.com/site/petalbot)" "site.headsetzone.com"
40.77.167.25 - - [28/Nov/2022:14:44:52 -0800] "GET /sitemap.xml HTTP/1.1" 200 8972 "-" "Mozilla/5.0 (compatible; bingbot/2.0; +http://www.bing.com/bingbot.htm)" "site.headsetzone.com"
216.244.66.250 - - [28/Nov/2022:14:55:39 -0800] "GET /robots.txt HTTP/1.1" 200 390 "-" "Mozilla/5.0 (compatible; DotBot/1.2; +https://opensiteexplorer.org/dotbot; help@moz.com)" "site.headsetzone.com"
216.244.66.250 - - [28/Nov/2022:15:42:46 -0800] "GET /robots.txt HTTP/1.1" 200 390 "-" "Mozilla/5.0 (compatible; DotBot/1.2; +https://opensiteexplorer.org/dotbot; help@moz.com)" "site.headsetzone.com"
205.169.39.63 - - [28/Nov/2022:16:10:38 -0800] "GET /screenindeximage17.jpg HTTP/1.1" 200 116887 "-" "Mozilla/5.0 (Windows NT 10.0) AppleWebKit/537.36 (KHTML, like Gecko) Chrome/106.0.0.0 Safari/537.36" "images.headsetzone.com"
216.244.66.250 - - [28/Nov/2022:16:31:11 -0800] "GET /robots.txt HTTP/1.1" 200 390 "-" "Mozilla/5.0 (compatible; DotBot/1.2; +https://opensiteexplorer.org/dotbot; help@moz.com)" "site.headsetzone.com"
216.244.66.250 - - [28/Nov/2022:17:17:55 -0800] "GET /robots.txt HTTP/1.1" 200 390 "-" "Mozilla/5.0 (compatible; DotBot/1.2; +https://opensiteexplorer.org/dotbot; help@moz.com)" "site.headsetzone.com"
216.244.66.250 - - [28/Nov/2022:18:05:50 -0800] "GET /robots.txt HTTP/1.1" 200 390 "-" "Mozilla/5.0 (compatible; DotBot/1.2; +https://opensiteexplorer.org/dotbot; help@moz.com)" "site.headsetzone.com"
176.65.1.11 - - [28/Nov/2022:18:32:40 -0800] "GET /aastra/ HTTP/1.1" 200 2092 "-" "Mozilla/5.0 (Windows NT 10.0; Win64; x64) AppleWebKit/537.36 (KHTML, like Gecko) Chrome/107.0.0.0 Safari/537.36" "site.headsetzone.com"
176.65.1.11 - - [28/Nov/2022:18:32:44 -0800] "GET /favicon.ico HTTP/1.1" 404 88 "https://site.headsetzone.com/aastra/" "Mozilla/5.0 (Windows NT 10.0; Win64; x64) AppleWebKit/537.36 (KHTML, like Gecko) Chrome/107.0.0.0 Safari/537.36" "site.headsetzone.com"
40.77.167.101 - - [28/Nov/2022:18:51:21 -0800] "GET /robots.txt HTTP/1.1" 200 176 "-" "Mozilla/5.0 (compatible; bingbot/2.0; +http://www.bing.com/bingbot.htm)" "site.headsetzone.com"
157.55.39.76 - - [28/Nov/2022:18:51:27 -0800] "GET /aastra/aastra-50nl-user-guide.pdf HTTP/1.1" 200 499792 "-" "Mozilla/5.0 (compatible; bingbot/2.0; +http://www.bing.com/bingbot.htm)" "site.headsetzone.com"
176.65.1.11 - - [28/Nov/2022:18:51:30 -0800] "GET /aastra/meridian-5216.jpg HTTP/1.1" 200 80258 "https://site.headsetzone.com/aastra/" "Mozilla/5.0 (Windows NT 10.0; Win64; x64) AppleWebKit/537.36 (KHTML, like Gecko) Chrome/107.0.0.0 Safari/537.36" "site.headsetzone.com"
176.65.1.11 - - [28/Nov/2022:18:51:36 -0800] "GET / HTTP/1.1" 200 668 "https://site.headsetzone.com/aastra/" "Mozilla/5.0 (Windows NT 10.0; Win64; x64) AppleWebKit/537.36 (KHTML, like Gecko) Chrome/107.0.0.0 Safari/537.36" "site.headsetzone.com"
216.244.66.250 - - [28/Nov/2022:20:12:21 -0800] "GET /robots.txt HTTP/1.1" 200 390 "-" "Mozilla/5.0 (compatible; DotBot/1.2; +https://opensiteexplorer.org/dotbot; help@moz.com)" "site.headsetzone.com"
149.128.8.245 - - [28/Nov/2022:20:35:53 -0800] "GET /screenindeximage16.jpg HTTP/1.1" 304 - "-" "Mozilla/4.0 (compatible;)" "images.headsetzone.com"
216.244.66.250 - - [28/Nov/2022:20:38:46 -0800] "GET /aastra/aastra-2012j-user-guide.pdf HTTP/1.1" 200 164149 "-" "Mozilla/5.0 (compatible; DotBot/1.2; +https://opensiteexplorer.org/dotbot; help@moz.com)" "site.headsetzone.com"
216.244.66.250 - - [28/Nov/2022:20:39:37 -0800] "GET /aastra/aastra-meridian-522d-brochure.pdf HTTP/1.1" 200 184771 "-" "Mozilla/5.0 (compatible; DotBot/1.2; +https://opensiteexplorer.org/dotbot; help@moz.com)" "site.headsetzone.com"
216.244.66.250 - - [28/Nov/2022:20:40:27 -0800] "GET /aastra/aastra-ring-selector-info.txt HTTP/1.1" 200 551 "-" "Mozilla/5.0 (compatible; DotBot/1.2; +https://opensiteexplorer.org/dotbot; help@moz.com)" "site.headsetzone.com"
216.244.66.250 - - [28/Nov/2022:20:40:56 -0800] "GET /att/57314.jpg HTTP/1.1" 200 23409 "-" "Mozilla/5.0 (compatible; DotBot/1.2; +https://opensiteexplorer.org/dotbot; help@moz.com)" "site.headsetzone.com"
216.244.66.250 - - [28/Nov/2022:20:41:29 -0800] "GET /att/ATT5830-manuals.pdf HTTP/1.1" 200 2480940 "-" "Mozilla/5.0 (compatible; DotBot/1.2; +https://opensiteexplorer.org/dotbot; help@moz.com)" "site.headsetzone.com"
114.119.149.200 - - [28/Nov/2022:20:50:28 -0800] "GET /robots.txt HTTP/1.1" 404 88 "-" "Mozilla/5.0 (compatible;PetalBot;+https://webmaster.petalsearch.com/site/petalbot)" "pdf.headsetzone.com"
157.55.39.76 - - [28/Nov/2022:21:26:02 -0800] "GET / HTTP/1.1" 200 668 "-" "Mozilla/5.0 AppleWebKit/537.36 (KHTML, like Gecko; compatible; bingbot/2.0; +http://www.bing.com/bingbot.htm) Chrome/103.0.5060.134 Safari/537.36" "site.headsetzone.com"
216.244.66.250 - - [28/Nov/2022:21:49:52 -0800] "GET /robots.txt HTTP/1.1" 200 390 "-" "Mozilla/5.0 (compatible; DotBot/1.2; +https://opensiteexplorer.org/dotbot; help@moz.com)" "site.headsetzone.com"
216.244.66.250 - - [28/Nov/2022:22:25:29 -0800] "GET /3i/ HTTP/1.1" 200 895 "-" "Mozilla/5.0 (compatible; DotBot/1.2; +https://opensiteexplorer.org/dotbot; help@moz.com)" "site.headsetzone.com"
216.244.66.250 - - [28/Nov/2022:22:25:30 -0800] "GET /aastra/aastra-9120-brochure.pdf HTTP/1.1" 200 201878 "-" "Mozilla/5.0 (compatible; DotBot/1.2; +https://opensiteexplorer.org/dotbot; help@moz.com)" "site.headsetzone.com"
216.244.66.250 - - [28/Nov/2022:22:25:32 -0800] "GET /aastra/aastra-be3850b-user-guide.pdf HTTP/1.1" 200 1352432 "-" "Mozilla/5.0 (compatible; DotBot/1.2; +https://opensiteexplorer.org/dotbot; help@moz.com)" "site.headsetzone.com"
216.244.66.250 - - [28/Nov/2022:22:25:44 -0800] "GET /att/00577.jpg HTTP/1.1" 200 12760 "-" "Mozilla/5.0 (compatible; DotBot/1.2; +https://opensiteexplorer.org/dotbot; help@moz.com)" "site.headsetzone.com"
216.244.66.250 - - [28/Nov/2022:22:25:51 -0800] "GET /att/91083.jpg HTTP/1.1" 200 13198 "-" "Mozilla/5.0 (compatible; DotBot/1.2; +https://opensiteexplorer.org/dotbot; help@moz.com)" "site.headsetzone.com"
216.244.66.250 - - [28/Nov/2022:22:27:13 -0800] "GET /att/?C=D;O=A HTTP/1.1" 200 20854 "-" "Mozilla/5.0 (compatible; DotBot/1.2; +https://opensiteexplorer.org/dotbot; help@moz.com)" "site.headsetzone.com"
114.119.134.206 - - [28/Nov/2022:22:36:44 -0800] "GET /bogen/ HTTP/1.1" 200 902 "https://site.headsetzone.com/" "Mozilla/5.0 (Linux; Android 7.0;) AppleWebKit/537.36 (KHTML, like Gecko) Mobile Safari/537.36 (compatible; PetalBot;+https://webmaster.petalsearch.com/site/petalbot)" "site.headsetzone.com"
216.244.66.250 - - [28/Nov/2022:22:46:39 -0800] "GET /robots.txt HTTP/1.1" 200 390 "-" "Mozilla/5.0 (compatible; DotBot/1.2; +https://opensiteexplorer.org/dotbot; help@moz.com)" "site.headsetzone.com"
216.244.66.250 - - [28/Nov/2022:23:16:35 -0800] "GET /blog/index.php/about/feed/ HTTP/1.1" 200 - "-" "Mozilla/5.0 (compatible; DotBot/1.2; +https://opensiteexplorer.org/dotbot; help@moz.com)" "site.headsetzone.com"
216.244.66.250 - - [28/Nov/2022:23:19:42 -0800] "GET /artisoft/?N=A HTTP/1.1" 200 3743 "-" "Mozilla/5.0 (compatible; DotBot/1.2; +https://opensiteexplorer.org/dotbot; help@moz.com)" "site.headsetzone.com"
216.244.66.250 - - [28/Nov/2022:23:20:06 -0800] "GET /avaya/?S=A HTTP/1.1" 200 3063 "-" "Mozilla/5.0 (compatible; DotBot/1.2; +https://opensiteexplorer.org/dotbot; help@moz.com)" "site.headsetzone.com"
40.77.167.101 - - [28/Nov/2022:23:39:10 -0800] "GET /robots.txt HTTP/1.1" 200 176 "-" "Mozilla/5.0 (compatible; bingbot/2.0; +http://www.bing.com/bingbot.htm)" "site.headsetzone.com"
216.244.66.250 - - [29/Nov/2022:00:01:29 -0800] "GET /robots.txt HTTP/1.1" 200 390 "-" "Mozilla/5.0 (compatible; DotBot/1.2; +https://opensiteexplorer.org/dotbot; help@moz.com)" "site.headsetzone.com"
216.244.66.250 - - [29/Nov/2022:00:31:30 -0800] "GET /att/952.jpg HTTP/1.1" 200 25149 "-" "Mozilla/5.0 (compatible; DotBot/1.2; +https://opensiteexplorer.org/dotbot; help@moz.com)" "site.headsetzone.com"
216.244.66.250 - - [29/Nov/2022:00:32:01 -0800] "GET /att/h200.jpg HTTP/1.1" 200 52768 "-" "Mozilla/5.0 (compatible; DotBot/1.2; +https://opensiteexplorer.org/dotbot; help@moz.com)" "site.headsetzone.com"
216.244.66.250 - - [29/Nov/2022:00:32:52 -0800] "GET /avaya/46xxover.pdf HTTP/1.1" 200 138955 "-" "Mozilla/5.0 (compatible; DotBot/1.2; +https://opensiteexplorer.org/dotbot; help@moz.com)" "site.headsetzone.com"
216.244.66.250 - - [29/Nov/2022:00:49:37 -0800] "GET /robots.txt HTTP/1.1" 200 390 "-" "Mozilla/5.0 (compatible; DotBot/1.2; +https://opensiteexplorer.org/dotbot; help@moz.com)" "site.headsetzone.com"
216.244.66.250 - - [29/Nov/2022:01:37:51 -0800] "GET /robots.txt HTTP/1.1" 200 390 "-" "Mozilla/5.0 (compatible; DotBot/1.2; +https://opensiteexplorer.org/dotbot; help@moz.com)" "site.headsetzone.com"
216.244.66.250 - - [29/Nov/2022:01:58:26 -0800] "GET /aastra/aastra-be3872-brochure.pdf HTTP/1.1" 200 1795638 "-" "Mozilla/5.0 (compatible; DotBot/1.2; +https://opensiteexplorer.org/dotbot; help@moz.com)" "site.headsetzone.com"
216.244.66.250 - - [29/Nov/2022:01:59:05 -0800] "GET /att/24183.jpg HTTP/1.1" 200 29254 "-" "Mozilla/5.0 (compatible; DotBot/1.2; +https://opensiteexplorer.org/dotbot; help@moz.com)" "site.headsetzone.com"
216.244.66.250 - - [29/Nov/2022:01:59:23 -0800] "GET /att/580-2.pdf HTTP/1.1" 200 2805851 "-" "Mozilla/5.0 (compatible; DotBot/1.2; +https://opensiteexplorer.org/dotbot; help@moz.com)" "site.headsetzone.com"
216.244.66.250 - - [29/Nov/2022:02:00:14 -0800] "GET /bogen/bpa60_2.jpg HTTP/1.1" 200 40040 "-" "Mozilla/5.0 (compatible; DotBot/1.2; +https://opensiteexplorer.org/dotbot; help@moz.com)" "site.headsetzone.com"
216.244.66.250 - - [29/Nov/2022:02:00:45 -0800] "GET /solidcactus/price-match-style.css HTTP/1.1" 200 1601 "-" "Mozilla/5.0 (compatible; DotBot/1.2; +https://opensiteexplorer.org/dotbot; help@moz.com)" "site.headsetzone.com"
216.244.66.250 - - [29/Nov/2022:02:26:04 -0800] "GET /robots.txt HTTP/1.1" 200 390 "-" "Mozilla/5.0 (compatible; DotBot/1.2; +https://opensiteexplorer.org/dotbot; help@moz.com)" "site.headsetzone.com"
95.163.255.69 - - [29/Nov/2022:02:58:21 -0800] "GET /robots.txt HTTP/1.1" 404 73 "-" "Mozilla/5.0 (compatible; Linux x86_64; Mail.RU_Bot/2.0; +https://help.mail.ru/webmaster/indexing/robots)" "pdf.headsetzone.com"
205.169.39.63 - - [29/Nov/2022:03:07:18 -0800] "GET /title3.jpg HTTP/1.1" 200 15878 "-" "Mozilla/5.0 (Windows NT 10.0) AppleWebKit/537.36 (KHTML, like Gecko) Chrome/106.0.0.0 Safari/537.36" "images.headsetzone.com"
216.244.66.250 - - [29/Nov/2022:03:13:54 -0800] "GET /robots.txt HTTP/1.1" 200 390 "-" "Mozilla/5.0 (compatible; DotBot/1.2; +https://opensiteexplorer.org/dotbot; help@moz.com)" "site.headsetzone.com"
216.244.66.250 - - [29/Nov/2022:04:01:55 -0800] "GET /robots.txt HTTP/1.1" 200 390 "-" "Mozilla/5.0 (compatible; DotBot/1.2; +https://opensiteexplorer.org/dotbot; help@moz.com)" "site.headsetzone.com"
95.163.255.68 - - [29/Nov/2022:04:03:46 -0800] "GET /7962g.pdf HTTP/1.1" 200 154395 "-" "Mozilla/5.0 (compatible; Linux x86_64; Mail.RU_Bot/2.0; +https://help.mail.ru/webmaster/indexing/robots)" "pdf.headsetzone.com"
95.163.255.63 - - [29/Nov/2022:04:05:26 -0800] "GET /plantronics/plt_25_us_form.pdf HTTP/1.1" 200 262948 "-" "Mozilla/5.0 (compatible; Linux x86_64; Mail.RU_Bot/2.0; +https://help.mail.ru/webmaster/indexing/robots)" "pdf.headsetzone.com"
216.244.66.250 - - [29/Nov/2022:04:42:19 -0800] "GET /aastra/?D=D HTTP/1.1" 200 20341 "-" "Mozilla/5.0 (compatible; DotBot/1.2; +https://opensiteexplorer.org/dotbot; help@moz.com)" "site.headsetzone.com"
216.244.66.250 - - [29/Nov/2022:04:42:41 -0800] "GET /pdf/?M=D HTTP/1.1" 200 3928 "-" "Mozilla/5.0 (compatible; DotBot/1.2; +https://opensiteexplorer.org/dotbot; help@moz.com)" "site.headsetzone.com"
216.244.66.250 - - [29/Nov/2022:04:43:01 -0800] "GET /solidcactus/?M=A HTTP/1.1" 200 1842 "-" "Mozilla/5.0 (compatible; DotBot/1.2; +https://opensiteexplorer.org/dotbot; help@moz.com)" "site.headsetzone.com"
216.244.66.250 - - [29/Nov/2022:04:50:11 -0800] "GET /robots.txt HTTP/1.1" 200 390 "-" "Mozilla/5.0 (compatible; DotBot/1.2; +https://opensiteexplorer.org/dotbot; help@moz.com)" "site.headsetzone.com"
122.129.78.236 - - [29/Nov/2022:05:07:27 -0800] "GET /robots.txt HTTP/1.1" 404 88 "-" "Screaming Frog SEO Spider/16.7" "pdf.headsetzone.com"
122.129.78.236 - - [29/Nov/2022:05:07:28 -0800] "GET /7970g.pdf HTTP/1.1" 200 1093220 "-" "Screaming Frog SEO Spider/16.7" "pdf.headsetzone.com"
122.129.78.236 - - [29/Nov/2022:05:08:03 -0800] "GET /7902g.pdf HTTP/1.1" 200 59507 "-" "Screaming Frog SEO Spider/16.7" "pdf.headsetzone.com"
122.129.78.236 - - [29/Nov/2022:05:08:56 -0800] "GET /7960g.pdf HTTP/1.1" 200 170087 "-" "Screaming Frog SEO Spider/16.7" "pdf.headsetzone.com"
122.129.78.236 - - [29/Nov/2022:05:09:26 -0800] "GET /7912g.pdf HTTP/1.1" 200 59832 "-" "Screaming Frog SEO Spider/16.7" "pdf.headsetzone.com"
122.129.78.236 - - [29/Nov/2022:05:09:52 -0800] "GET /7905g.pdf HTTP/1.1" 200 124955 "-" "Screaming Frog SEO Spider/16.7" "pdf.headsetzone.com"
122.129.78.236 - - [29/Nov/2022:05:12:30 -0800] "GET /7940g.pdf HTTP/1.1" 200 145884 "-" "Screaming Frog SEO Spider/16.7" "pdf.headsetzone.com"
216.244.66.250 - - [29/Nov/2022:05:38:01 -0800] "GET /robots.txt HTTP/1.1" 200 390 "-" "Mozilla/5.0 (compatible; DotBot/1.2; +https://opensiteexplorer.org/dotbot; help@moz.com)" "site.headsetzone.com"
122.129.78.236 - - [29/Nov/2022:06:01:34 -0800] "GET /robots.txt HTTP/1.1" 404 88 "-" "Screaming Frog SEO Spider/16.7" "pdf.headsetzone.com"
122.129.78.236 - - [29/Nov/2022:06:01:34 -0800] "GET /7970g.pdf HTTP/1.1" 200 1093220 "-" "Screaming Frog SEO Spider/16.7" "pdf.headsetzone.com"
122.129.78.236 - - [29/Nov/2022:06:02:10 -0800] "GET /7902g.pdf HTTP/1.1" 200 59507 "-" "Screaming Frog SEO Spider/16.7" "pdf.headsetzone.com"
122.129.78.236 - - [29/Nov/2022:06:02:54 -0800] "GET /7960g.pdf HTTP/1.1" 200 170087 "-" "Screaming Frog SEO Spider/16.7" "pdf.headsetzone.com"
122.129.78.236 - - [29/Nov/2022:06:03:21 -0800] "GET /7912g.pdf HTTP/1.1" 200 59832 "-" "Screaming Frog SEO Spider/16.7" "pdf.headsetzone.com"
122.129.78.236 - - [29/Nov/2022:06:03:42 -0800] "GET /7905g.pdf HTTP/1.1" 200 124955 "-" "Screaming Frog SEO Spider/16.7" "pdf.headsetzone.com"
122.129.78.236 - - [29/Nov/2022:06:06:03 -0800] "GET /7940g.pdf HTTP/1.1" 200 145884 "-" "Screaming Frog SEO Spider/16.7" "pdf.headsetzone.com"
216.244.66.250 - - [29/Nov/2022:06:26:35 -0800] "GET /robots.txt HTTP/1.1" 200 390 "-" "Mozilla/5.0 (compatible; DotBot/1.2; +https://opensiteexplorer.org/dotbot; help@moz.com)" "site.headsetzone.com"
114.119.157.160 - - [29/Nov/2022:06:48:14 -0800] "GET /robots.txt HTTP/1.1" 404 88 "-" "Mozilla/5.0 (compatible;PetalBot;+https://webmaster.petalsearch.com/site/petalbot)" "pdf.headsetzone.com"
206.47.249.251 - - [29/Nov/2022:07:04:34 -0800] "GET /screenindeximage17.jpg HTTP/1.1" 304 - "-" "Mozilla/4.0 (compatible;)" "images.headsetzone.com"
216.244.66.250 - - [29/Nov/2022:07:14:21 -0800] "GET /robots.txt HTTP/1.1" 200 390 "-" "Mozilla/5.0 (compatible; DotBot/1.2; +https://opensiteexplorer.org/dotbot; help@moz.com)" "site.headsetzone.com"
157.55.39.76 - - [29/Nov/2022:07:47:21 -0800] "GET /avaya/4606.jpg HTTP/1.1" 200 53995 "-" "Mozilla/5.0 (compatible; bingbot/2.0; +http://www.bing.com/bingbot.htm)" "site.headsetzone.com"
216.244.66.250 - - [29/Nov/2022:08:03:36 -0800] "GET /robots.txt HTTP/1.1" 200 390 "-" "Mozilla/5.0 (compatible; DotBot/1.2; +https://opensiteexplorer.org/dotbot; help@moz.com)" "site.headsetzone.com"
161.156.29.33 - - [29/Nov/2022:08:25:24 -0800] "GET /robots.txt HTTP/1.1" 404 73 "-" "Mozilla/5.0 (compatible; oBot/2.3.1; http://www.xforce-security.com/crawler/)" "pdf.headsetzone.com"
161.156.29.33 - - [29/Nov/2022:08:25:24 -0800] "GET / HTTP/1.1" 200 3782 "-" "Mozilla/5.0 (compatible; oBot/2.3.1; http://www.xforce-security.com/crawler/)" "pdf.headsetzone.com"
161.156.29.33 - - [29/Nov/2022:08:25:26 -0800] "GET /robots.txt HTTP/1.1" 200 390 "-" "Mozilla/5.0 (compatible; oBot/2.3.1; http://www.xforce-security.com/crawler/)" "site.headsetzone.com"
161.156.29.33 - - [29/Nov/2022:08:25:27 -0800] "GET / HTTP/1.1" 200 3074 "-" "Mozilla/5.0 (compatible; oBot/2.3.1; http://www.xforce-security.com/crawler/)" "site.headsetzone.com"
161.156.29.33 - - [29/Nov/2022:08:25:27 -0800] "GET /robots.txt HTTP/1.1" 404 73 "-" "Mozilla/5.0 (compatible; oBot/2.3.1; http://www.xforce-security.com/crawler/)" "images.headsetzone.com"
161.156.29.33 - - [29/Nov/2022:08:25:27 -0800] "GET / HTTP/1.1" 200 3582 "-" "Mozilla/5.0 (compatible; oBot/2.3.1; http://www.xforce-security.com/crawler/)" "images.headsetzone.com"
161.156.29.33 - - [29/Nov/2022:08:25:28 -0800] "GET /index.php/robots.txt HTTP/1.1" 200 - "-" "Mozilla/5.0 (compatible; oBot/2.3.1; http://www.xforce-security.com/crawler/)" "public-blog.headsetzone.com"
161.156.29.33 - - [29/Nov/2022:08:25:29 -0800] "GET / HTTP/1.1" 200 - "-" "Mozilla/5.0 (compatible; oBot/2.3.1; http://www.xforce-security.com/crawler/)" "public-blog.headsetzone.com"
216.244.66.250 - - [29/Nov/2022:08:51:04 -0800] "GET /robots.txt HTTP/1.1" 200 390 "-" "Mozilla/5.0 (compatible; DotBot/1.2; +https://opensiteexplorer.org/dotbot; help@moz.com)" "site.headsetzone.com"
114.119.129.233 - - [29/Nov/2022:09:03:51 -0800] "GET /robots.txt HTTP/1.1" 404 88 "-" "Mozilla/5.0 (compatible;PetalBot;+https://webmaster.petalsearch.com/site/petalbot)" "pdf.headsetzone.com"
167.99.54.31 - - [29/Nov/2022:09:26:56 -0800] "GET /wp-login.php HTTP/1.1" 404 88 "http://site.headsetzone.com/wp-login.php" "Mozilla/5.0 (Windows NT 10.0; Win64; x64; rv:96.0) Gecko/20100101 Firefox/96" "site.headsetzone.com"
216.244.66.250 - - [29/Nov/2022:09:28:30 -0800] "GET /artisoft/SoftwarePBXWP.pdf HTTP/1.1" 200 502094 "-" "Mozilla/5.0 (compatible; DotBot/1.2; +https://opensiteexplorer.org/dotbot; help@moz.com)" "site.headsetzone.com"
216.244.66.250 - - [29/Nov/2022:09:29:11 -0800] "GET /artisoft/credit_union_profile.pdf HTTP/1.1" 200 1372332 "-" "Mozilla/5.0 (compatible; DotBot/1.2; +https://opensiteexplorer.org/dotbot; help@moz.com)" "site.headsetzone.com"
216.244.66.250 - - [29/Nov/2022:09:29:44 -0800] "GET /artisoft/tv_overview.PDF HTTP/1.1" 200 1191858 "-" "Mozilla/5.0 (compatible; DotBot/1.2; +https://opensiteexplorer.org/dotbot; help@moz.com)" "site.headsetzone.com"
216.244.66.250 - - [29/Nov/2022:09:30:15 -0800] "GET /att/E2555.pdf HTTP/1.1" 200 4252579 "-" "Mozilla/5.0 (compatible; DotBot/1.2; +https://opensiteexplorer.org/dotbot; help@moz.com)" "site.headsetzone.com"
216.244.66.250 - - [29/Nov/2022:09:31:00 -0800] "GET /bogen/promatrix.jpg HTTP/1.1" 200 397895 "-" "Mozilla/5.0 (compatible; DotBot/1.2; +https://opensiteexplorer.org/dotbot; help@moz.com)" "site.headsetzone.com"
216.244.66.250 - - [29/Nov/2022:09:40:15 -0800] "GET /robots.txt HTTP/1.1" 200 390 "-" "Mozilla/5.0 (compatible; DotBot/1.2; +https://opensiteexplorer.org/dotbot; help@moz.com)" "site.headsetzone.com"
157.55.39.5 - - [29/Nov/2022:09:41:54 -0800] "GET /artisoft/ HTTP/1.1" 200 766 "-" "Mozilla/5.0 (compatible; bingbot/2.0; +http://www.bing.com/bingbot.htm)" "site.headsetzone.com"
64.124.8.32 - - [29/Nov/2022:09:53:39 -0800] "GET /robots.txt HTTP/1.1" 404 88 "-" "Mozilla/5.0 (X11; Linux x86_64) AppleWebKit/537.36 (KHTML, like Gecko) Chrome/61.0.3163.79 Safari/537.36" "pdf.headsetzone.com"
64.124.8.32 - - [29/Nov/2022:09:53:39 -0800] "GET / HTTP/1.1" 200 653 "-" "Mozilla/5.0 (X11; Linux x86_64) AppleWebKit/537.36 (KHTML, like Gecko) Chrome/61.0.3163.79 Safari/537.36" "pdf.headsetzone.com"
216.244.66.250 - - [29/Nov/2022:10:29:30 -0800] "GET /robots.txt HTTP/1.1" 200 390 "-" "Mozilla/5.0 (compatible; DotBot/1.2; +https://opensiteexplorer.org/dotbot; help@moz.com)" "site.headsetzone.com"
40.77.167.25 - - [29/Nov/2022:10:51:53 -0800] "GET /images/ HTTP/1.1" 200 690 "-" "Mozilla/5.0 (compatible; bingbot/2.0; +http://www.bing.com/bingbot.htm)" "site.headsetzone.com"
